he highest common divisor of 18 and 3?
3
What is the highest common factor of 732 and 108?
12
What is the greatest common divisor of 10 and 3505?
5
What is the greatest common divisor of 1 and 195?
1
What is the greatest common factor of 40 and 280?
40
What is the highest common divisor of 438 and 72?
6
What is the highest common factor of 74 and 2?
2
What is the highest common factor of 27 and 117?
9
Calculate the highest common factor of 640 and 10.
10
Calculate the greatest common divisor of 56 and 1680.
56
Calculate the greatest common factor of 2268 and 72.
36
Calculate the greatest common divisor of 160 and 5.
5
Calculate the highest common divisor of 91 and 35.
7
Calculate the highest common factor of 150 and 9400.
50
Calculate the highest common factor of 10912 and 160.
32
What is the highest common factor of 7 and 35?
7
Calculate the highest common divisor of 12 and 972.
12
Calculate the greatest common divisor of 2028 and 60.
12
Calculate the highest common factor of 98 and 574.
14
What is the greatest common divisor of 20961 and 1644?
411
What is the greatest common divisor of 25 and 3075?
25
What is the highest common factor of 259 and 74?
37
What is the greatest common factor of 15 and 438?
3
What is the greatest common factor of 4 and 236?
4
What is the greatest common factor of 575 and 92?
23
What is the highest common divisor of 135 and 12015?
135
What is the highest common divisor of 56 and 3801?
7
Calculate the greatest common divisor of 803 and 146.
73
Calculate the highest common factor of 4590 and 225.
45
What is the greatest common factor of 34 and 12?
2
What is the highest common divisor of 46 and 1127?
23
What is the greatest common factor of 33 and 429?
33
What is the highest common divisor of 1155 and 198?
33
What is the highest common factor of 385 and 30?
5
What is the highest common divisor of 13 and 793?
13
Calculate the greatest common factor of 566 and 14999.
283
Calculate the greatest common factor of 30972 and 174.
174
What is the greatest common factor of 7 and 10101?
7
Calculate the greatest common divisor of 825 and 225.
75
Calculate the greatest common factor of 918 and 68.
34
What is the highest common divisor of 10 and 2570?
10
Calculate the highest common factor of 5 and 2.
1
Calculate the greatest common divisor of 49 and 203.
7
What is the highest common divisor of 2592 and 396?
36
Calculate the highest common factor of 12 and 9.
3
Calculate the highest common factor of 96 and 1968.
48
What is the greatest common divisor of 96 and 4704?
96
Calculate the highest common factor of 60826 and 68.
34
What is the highest common divisor of 96 and 30?
6
What is the highest common factor of 5770 and 10?
10
Calculate the greatest common factor of 3 and 54.
3
What is the greatest common factor of 791 and 113?
113
Calculate the greatest common factor of 1566 and 493.
29
Calculate the highest common factor of 90 and 225.
45
What is the highest common factor of 6798 and 22?
22
Calculate the highest common divisor of 261 and 21054.
87
What is the greatest common factor of 2508 and 855?
57
What is the greatest common factor of 99 and 44?
11
Calculate the greatest common divisor of 5999 and 91.
7
What is the highest common divisor of 1533 and 35?
7
What is the highest common divisor of 18 and 41868?
18
Calculate the greatest common divisor of 173 and 4325.
173
Calculate the greatest common divisor of 148 and 7844.
148
Calculate the greatest common factor of 2044 and 140.
28
Calculate the greatest common factor of 7424 and 348.
116
What is the highest common divisor of 60 and 40?
20
Calculate the greatest common divisor of 16 and 48.
16
What is the highest common divisor of 138 and 299?
23
Calculate the greatest common divisor of 414 and 18.
18
What is the highest common divisor of 9119 and 22?
11
What is the greatest common divisor of 658 and 126?
14
Calculate the greatest common divisor of 19 and 19.
19
What is the highest common divisor of 126 and 54?
18
What is the greatest common divisor of 63791 and 91?
91
What is the greatest common factor of 8 and 652?
4
What is the highest common factor of 400 and 752?
16
What is the greatest common factor of 75199 and 139?
139
Calculate the greatest common factor of 5 and 3605.
5
What is the greatest common factor of 247 and 152?
19
Calculate the greatest common divisor of 72 and 1692.
36
What is the greatest common divisor of 99 and 396?
99
What is the greatest common factor of 514 and 38293?
257
Calculate the greatest common divisor of 246 and 18.
6
Calculate the greatest common factor of 1725 and 25.
25
Calculate the highest common factor of 51 and 238.
17
Calculate the greatest common factor of 495 and 11.
11
Calculate the highest common divisor of 34 and 2.
2
Calculate the greatest common divisor of 165 and 60.
15
Calculate the greatest common factor of 18 and 153.
9
What is the highest common factor of 374 and 22?
22
Calculate the highest common divisor of 726 and 44.
22
What is the highest common factor of 435 and 150?
15
What is the greatest common divisor of 1614 and 6?
6
What is the highest common factor of 27677 and 52?
13
Calculate the highest common divisor of 52 and 91.
13
Calculate the highest common factor of 16 and 54.
2
What is the greatest common divisor of 260 and 70?
10
Calculate the greatest common factor of 29 and 464.
29
What is the greatest common divisor of 29 and 2407?
29
What is the highest common factor of 1102 and 38?
38
Calculate the highest common factor of 280 and 60.
20
What is the highest common divisor of 216 and 243?
27
Calculate the highest common factor of 1127 and 92.
23
Calculate the greatest common divisor of 23 and 137.
1
Calculate the greatest common divisor of 207 and 3151.
23
Calculate the highest common divisor of 185 and 296.
37
What is the greatest common divisor of 2151 and 54?
9
What is the highest common factor of 289 and 391?
17
What is the greatest common factor of 6188 and 26?
26
Calculate the greatest common factor of 100 and 160.
20
Calculate the greatest common divisor of 105 and 168.
21
What is the highest common divisor of 7545 and 15?
15
Calculate the highest common factor of 590 and 10.
10
What is the highest common factor of 51 and 714?
51
What is the greatest common divisor of 44 and 55?
11
What is the greatest common factor of 80 and 20?
20
Calculate the highest common divisor of 1649 and 291.
97
What is the highest common divisor of 69 and 368?
23
What is the highest common factor of 3530 and 10?
10
What is the greatest common factor of 756 and 72?
36
Calculate the greatest common factor of 27 and 1197.
9
Calculate the greatest common divisor of 510 and 6.
6
What is the greatest common factor of 462 and 385?
77
What is the greatest common factor of 1030 and 5974?
206
What is the highest common factor of 3048 and 24?
24
Calculate the greatest common factor of 15 and 80.
5
Calculate the greatest common factor of 4697 and 77.
77
What is the highest common divisor of 106 and 1219?
53
Calculate the highest common factor of 26 and 325.
13
What is the highest common divisor of 10 and 1210?
10
What is the highest common factor of 21 and 623?
7
What is the highest common factor of 1890 and 135?
135
Calculate the highest common divisor of 66 and 198.
66
Calculate the highest common factor of 41 and 328.
41
What is the highest common divisor of 72 and 64?
8
What is the highest common divisor of 147 and 6321?
147
Calculate the greatest common factor of 180 and 264.
12
Calculate the greatest common divisor of 2017 and 2.
1
What is the highest common factor of 39 and 455?
13
Calculate the greatest common factor of 24 and 108.
12
What is the highest common divisor of 26 and 502?
2
Calculate the greatest common factor of 176 and 160.
16
Calculate the greatest common divisor of 17 and 4131.
17
Calculate the greatest common divisor of 9657 and 348.
87
What is the greatest common divisor of 34 and 153?
17
What is the highest common factor of 26 and 1248?
26
Calculate the highest common factor of 100 and 5200.
100
Calculate the highest common factor of 64 and 1024.
64
What is the highest common divisor of 344 and 9202?
86
Calculate the highest common factor of 712 and 445.
89
Calculate the highest common divisor of 10 and 111.